
-30
In base 11, what is -40 + -30?
-70
In base 9, what is 12 + 4?
16
In base 6, what is 4 - -13213?
13221
In base 2, what is 1110 + -100011?
-10101
In base 5, what is 11 - 11112?
-11101
In base 5, what is -10330 + 10?
-10320
In base 15, what is 5 + -3d8?
-3d3
In base 4, what is -220023 - 2?
-220031
In base 2, what is 0 - 111000?
-111000
In base 6, what is 2301 - 3?
2254
In base 6, what is 3 - -345?
352
In base 5, what is -22 - -41?
14
In base 5, what is -1022 + -1141?
-2213
In base 8, what is -5 - -50?
43
In base 7, what is -4 + 136?
132
In base 5, what is 12 + -2004?
-1442
In base 15, what is -39 - 7b?
-b5
In base 2, what is 1001100 - -101001?
1110101
In base 2, what is 101000010001 - -10?
101000010011
In base 4, what is 333 + -30?
303
In base 13, what is -345 - 7?
-34c
In base 9, what is 24 + 23?
47
In base 3, what is -100020212 - 2?
-100020221
In base 8, what is -156673 - -3?
-156670
In base 10, what is 0 - -244?
244
In base 7, what is 23 + -256?
-233
In base 8, what is -3200 - 1?
-3201
In base 3, what is -200 + 2?
-121
In base 5, what is -3 - -1031?
1023
In base 14, what is 1 + 944?
945
In base 7, what is -1 - -3200?
3166
In base 2, what is 11 + 1110101101?
1110110000
In base 2, what is -10101 - 1?
-10110
In base 15, what is -3 - -85?
82
In base 7, what is 165 + -14?
151
In base 11, what is 34 - -279?
302
In base 2, what is 1000100111 + 10011?
1000111010
In base 14, what is 5 + 64?
69
In base 12, what is -4 - -609?
605
In base 8, what is 535 + 4?
541
In base 11, what is -1 - 58?
-59
In base 14, what is -5 - 0?
-5
In base 7, what is -156545 + 5?
-156540
In base 15, what is 6ee - -3?
702
In base 12, what is 20 + 2?
22
In base 3, what is 11212 - -2?
11221
In base 5, what is -302 - 2?
-304
In base 2, what is -1111 - 10011101?
-10101100
In base 2, what is 1100010101100001 + -101?
1100010101011100
In base 7, what is -3 - 10016?
-10022
In base 6, what is -221 - 122?
-343
In base 12, what is -225 + 9?
-218
In base 11, what is -3 + 322?
31a
In base 2, what is 10000 - 1101?
11
In base 11, what is -166 - -8?
-159
In base 7, what is 545 + 3?
551
In base 10, what is 0 + 58?
58
In base 9, what is 382 + 45?
437
In base 16, what is -dc - 2?
-de
In base 3, what is -202121 - -1?
-202120
In base 14, what is -28 - 46?
-70
In base 15, what is 0 + -1ae?
-1ae
In base 4, what is -3 - -233?
230
In base 10, what is -155 - -5?
-150
In base 2, what is 111 - 1111?
-1000
In base 14, what is 1 + -15?
-14
In base 11, what is 625 + 21?
646
In base 5, what is -3 - 4123?
-4131
In base 6, what is -10040 - 5?
-10045
In base 16, what is 8dd + -2?
8db
In base 5, what is -1 + 1044?
1043
In base 4, what is -12032 + -10?
-12102
In base 11, what is -110 - 4?
-114
In base 16, what is 7 + -1a?
-13
In base 3, what is -2 - -1221220?
1221211
In base 14, what is 33 - 45?
-12
In base 4, what is -11 - 201?
-212
In base 8, what is 42 + 56?
120
In base 15, what is 228 + -22?
206
In base 10, what is 5 - -139?
144
In base 10, what is -4 - 5355?
-5359
In base 11, what is -1 + -219?
-21a
In base 9, what is -1070 + 3?
-1066
In base 6, what is -1004 - 1?
-1005
In base 11, what is -3 - -2?
-1
In base 12, what is -2 + 45a?
458
In base 16, what is 3 + b1f?
b22
In base 8, what is -23 - -37?
14
In base 5, what is -14 - -1124?
1110
In base 8, what is -2 + -545?
-547
In base 13, what is -2b + 199?
16b
In base 16, what is 3e - 7b?
-3d
In base 8, what is 3420 - 3?
3415
In base 12, what is -9 + -1?
-a
In base 14, what is -15a - -17?
-143
In base 10, what is -5 + -7?
-12
In base 9, what is 5 + -162?
-156
In base 8, what is 23 + 1?
24
In base 3, what is -2001 - -1?
-2000
In base 8, what is -245 + -17?
-264
In base 13, what is -487a + 5?
-4875
In base 6, what is 2 + -350?
-344
In base 4, what is 2211 + -2?
2203
In base 5, what is -101 - 2?
-103
In base 15, what is -1a4 - 5?
-1a9
In base 10, what is 1 + 21?
22
In base 3, what is -2010 - 10221?
-20001
In base 5, what is 112 - 10?
102
In base 9, what is 141 + 8?
150
In base 5, what is -1330 + 0?
-1330
In base 12, what is 2b43 + -2?
2b41
In base 5, what is -1103 + -3?
-1111
In base 4, what is -22 + 1110?
1022
In base 3, what is 1 - 1222?
-1221
In base 12, what is 418 + 0?
418
In base 3, what is 12 - 20221?
-20202
In base 6, what is 1 + 13?
14
In base 5, what is -22304 - -3?
-22301
In base 11, what is 2 - -47?
49
In base 6, what is 440 - -5?
445
In base 14, what is 1099 - 2?
1097
In base 9, what is 1 - -641?
642
In base 2, what is -101 + -111111110?
-1000000011
In base 8, what is -46 + -3?
-51
In base 7, what is 30 - 112?
-52
In base 13, what is 3 + a21?
a24
In base 6, what is -1 - 25?
-30
In base 5, what is 331 - 4?
322
In base 5, what is 2011 + 4?
2020
In base 11, what is 7 + -2049?
-2042
In base 7, what is -1010 + -10?
-1020
In base 5, what is -2031 - 1?
-2032
In base 6, what is 24 - -4?
32
In base 4, what is 121 + -3222?
-3101
In base 11, what is -23 + -5?
-28
In base 8, what is -42 - -136?
74
In base 14, what is -25 + 4?
-21
In base 12, what is -401 - -3?
-3ba
In base 11, what is 242 - 3?
23a
In base 2, what is 10100 - -111111?
1010011
In base 6, what is -2 + -302?
-304
In base 6, what is -2 - 111?
-113
In base 8, what is -4 + -10277?
-10303
In base 11, what is -5 + 426?
421
In base 11, what is 566 + -1?
565
In base 7, what is -2 + -213?
-215
In base 15, what is -5 - 406?
-40b
In base 11, what is -738 + 1?
-737
In base 11, what is 3 + -27?
-24
In base 5, what is 4000 - 0?
4000
In base 5, what is -230 - 13?
-243
In base 6, what is -10 - 225?
-235
In base 3, what is -21020102 - 1?
-21020110
In base 15, what is 3caa + -5?
3ca5
In base 5, what is 31 + -400?
-314
In base 12, what is -130 - 7?
-137
In base 16, what is 145 + b?
150
In base 15, what is b - 139?
-12d
In base 3, what is 112 - -100221?
101110
In base 7, what is 1104 - -3?
1110
In base 3, what is 12 + 201?
220
In base 4, what is -3023 - -2?
-3021
In base 6, what is 24 - 34?
-10
In base 2, what is 1 - 10011?
-10010
In base 2, what is -111011 - 11001?
-1010100
In base 10, what is -7 + 4309?
4302
In base 8, what is -15 - -21?
4
In base 3, what is -11 + -121212?
-122000
In base 7, what is -1 + -262?
-263
In base 10, what is 2 + 113?
115
In base 3, what is -122 + 111?
-11
In base 11, what is -13 - 134?
-147
In base 4, what is -22 + -21?
-103
In base 4, what is 132 + -2?
130
In base 13, what is 0 - 16?
-16
In base 3, what is 11 + -221200?
-221112
In base 5, what is -10311 - 10?
-10321
In base 10, what is -5 - -387?
382
In base 14, what is 128 + 14?
13c
In base 6, what is 5 + 34?
43
In base 7, what is 0 + 56?
56
In base 9, what is -3 - 48?
-52
In base 7, what is -5 + 3?
-2
In base 5, what is 4 + 104430?
104434
In base 8, what is -7 + -3?
-12
In base 11, what is -4 + 178?
174
In base 16, what is -1 - 11a?
-11b
In base 13, what is -21a - 3?
-220
In base 12, what is 0 + -684?
-684
In base 11, what is -2a - 8?
-37
In base 8, what is 3 + 307?
312
In base 12, what is 3 - 5?
-2
In base 13, what is -1 - 7?
-8
In base 13, what is -b + 154?
146
In base 10, what is -48 - -5?
-43
In base 12, what is -17 + 17?
0
In base 4, what is 0 - 13112?
-13112
In base 2, what is 100 + -1110100?
-1110000
In base 11, what is -3 + 13?
10
In base 3, what is 11 + -1001?
-220
In base 3, what is -110 + -100202?
-101012
In base 6, what is 433 - 3?
430
In base 15, what is -3 + -540?
-543
In base 9, what is -3 + 8?
5
In base 11, what is -25 + -51?
-76
In base 16, what is b + 63?
6e
In base 3, what is 2210 - 202?
2001
In base 9, what is -10 - -534?
524
In base 6, what is 4320 + -20?
4300
In base 16, what is 2 - 22?
-20
In base 10, what is -8 - 66?
-74
In base 14, what is -d9 + -4?
-dd
In base 11, what is -153 + -53?
-1a6
In base 14, what is 4 + -280?
-27a
In base 15, what is 70d + -5?
708
In base 2, what is 110011 + -1?
110010
In base 15, what is 5 - 225?
-220
In base 4, what is -231 + -10?
-301
In base 14, what is -d8 + 1?
-d7
In base 15, what is 1 + -178?
-177
In base 11, what is -58 + 17?
-41
In base 3, what is 2200200 - 11?
2200112
In base 15, what is 266 - 2?
264
In base 16, what is 1b1 + 0?
1b1
In base 5, what is 312 - 0?
312
In base 12, what is -1824 + 3?
-1821
In base 2, what is -100 - -1000000110?
1000000010
In base 3, what is -1102 - 2?
-1111
In base 12, what is -1 - -6?
5
In base 10, what is 82 - 2?
80
In base 4, what is 113 - 100